.
13
What is the greatest common factor of 524 and 1441?
131
What is the highest common divisor of 6465 and 15?
15
Calculate the greatest common factor of 68 and 52.
4
Calculate the greatest common divisor of 2146 and 74.
74
Calculate the highest common divisor of 1711 and 116.
29
Calculate the highest common factor of 43 and 86.
43
What is the greatest common factor of 70 and 3878?
14
What is the greatest common factor of 4108 and 474?
158
What is the highest common divisor of 130 and 22?
2
What is the highest common factor of 8070 and 30?
30
What is the highest common factor of 456 and 96?
24
Calculate the highest common factor of 6 and 42.
6
What is the greatest common divisor of 60 and 528?
12
Calculate the greatest common factor of 64 and 72.
8
Calculate the greatest common factor of 1296 and 1440.
144
Calculate the greatest common divisor of 1121 and 354.
59
Calculate the greatest common divisor of 578 and 34.
34
What is the greatest common factor of 3168 and 44?
44
What is the greatest common divisor of 3396 and 108?
12
What is the greatest common factor of 5222 and 14?
14
Calculate the greatest common factor of 37 and 851.
37
What is the greatest common divisor of 324 and 24?
12
What is the greatest common divisor of 218 and 46?
2
What is the highest common divisor of 378 and 336?
42
Calculate the greatest common divisor of 345 and 16077.
69
What is the greatest common factor of 2211 and 33?
33
Calculate the highest common factor of 2000 and 9200.
400
What is the highest common factor of 7 and 511?
7
What is the greatest common factor of 102 and 18?
6
Calculate the greatest common divisor of 1216 and 57.
19
What is the highest common factor of 1652 and 812?
28
What is the greatest common factor of 340 and 80?
20
Calculate the highest common factor of 36 and 228.
12
What is the highest common divisor of 7 and 763?
7
Calculate the highest common factor of 69 and 1495.
23
What is the highest common divisor of 81 and 36?
9
What is the greatest common factor of 1584 and 32?
16
Calculate the greatest common divisor of 418 and 76.
38
What is the highest common factor of 73 and 2993?
73
Calculate the greatest common divisor of 88 and 440.
88
What is the greatest common factor of 3968 and 128?
128
Calculate the highest common factor of 156 and 520.
52
Calculate the greatest common divisor of 42 and 378.
42
Calculate the highest common divisor of 7579 and 159.
53
What is the highest common divisor of 174 and 174?
174
What is the greatest common divisor of 143 and 396?
11
What is the highest common factor of 663 and 612?
51
What is the highest common divisor of 2604 and 1178?
62
Calculate the greatest common factor of 340 and 220.
20
What is the highest common divisor of 245 and 539?
49
Calculate the greatest common factor of 10 and 160.
10
What is the greatest common factor of 6020 and 100?
20
Calculate the greatest common divisor of 12 and 404.
4
Calculate the greatest common divisor of 26 and 546.
26
What is the greatest common divisor of 40 and 32?
8
What is the highest common divisor of 98 and 882?
98
What is the highest common factor of 115 and 10?
5
Calculate the greatest common divisor of 3 and 807.
3
What is the greatest common factor of 333 and 9?
9
What is the highest common factor of 24 and 10380?
12
What is the greatest common divisor of 602 and 14?
14
What is the highest common factor of 1393 and 199?
199
Calculate the highest common divisor of 48 and 432.
48
What is the greatest common factor of 18 and 414?
18
What is the greatest common factor of 10960 and 240?
80
Calculate the greatest common divisor of 81440 and 16.
16
Calculate the greatest common factor of 189 and 49.
7
What is the greatest common divisor of 9 and 15993?
9
Calculate the highest common factor of 30 and 320.
10
Calculate the greatest common factor of 475 and 9880.
95
What is the highest common factor of 39622 and 66?
22
Calculate the highest common divisor of 136 and 34680.
136
Calculate the highest common divisor of 3591 and 1323.
189
What is the highest common factor of 4631 and 11?
11
What is the greatest common factor of 10397 and 111?
37
Calculate the greatest common divisor of 10 and 1260.
10
Calculate the greatest common factor of 45 and 2160.
45
What is the highest common divisor of 73 and 1387?
73
Calculate the greatest common factor of 60 and 135.
15
Calculate the greatest common divisor of 40065 and 15.
15
Calculate the highest common divisor of 224 and 32.
32
What is the greatest common factor of 12714 and 78?
78
Calculate the highest common divisor of 22 and 506.
22
Calculate the highest common factor of 3501 and 36.
9
Calculate the greatest common divisor of 26 and 494.
26
Calculate the greatest common factor of 135 and 380.
5
Calculate the greatest common factor of 74 and 26.
2
Calculate the greatest common divisor of 106 and 3233.
53
Calculate the highest common factor of 378 and 729.
27
Calculate the highest common factor of 28 and 77.
7
Calculate the highest common factor of 610 and 10.
10
What is the greatest common factor of 114 and 42?
6
Calculate the highest common factor of 33 and 451.
11
Calculate the highest common factor of 45 and 5.
5
Calculate the highest common factor of 490 and 130.
10
What is the highest common divisor of 208 and 36?
4
Calculate the greatest common divisor of 50 and 425.
25
Calculate the greatest common factor of 57 and 779.
19
What is the highest common divisor of 34 and 187?
17
Calculate the greatest common factor of 203 and 29.
29
Calculate the highest common factor of 12 and 1068.
12
What is the highest common divisor of 80 and 2688?
16
What is the highest common factor of 1819 and 2782?
107
Calculate the greatest common divisor of 341 and 62.
31
What is the highest common factor of 4206 and 6?
6
What is the highest common factor of 545 and 1417?
109
What is the highest common factor of 180 and 4635?
45
Calculate the greatest common factor of 6 and 1509.
3
What is the greatest common divisor of 1712 and 608?
16
Calculate the highest common divisor of 115 and 253.
23
What is the greatest common factor of 13 and 351?
13
What is the highest common factor of 620 and 20?
20
What is the greatest common factor of 42 and 238?
14
What is the highest common factor of 2781 and 297?
27
What is the greatest common factor of 4 and 46?
2
What is the highest common divisor of 17250 and 115?
115
Calculate the greatest common factor of 390 and 6500.
130
Calculate the highest common factor of 158 and 632.
158
Calculate the highest common divisor of 18 and 99.
9
What is the greatest common factor of 13 and 8411?
13
Calculate the greatest common factor of 161 and 36.
1
Calculate the greatest common divisor of 3 and 849.
3
What is the greatest common divisor of 26 and 1378?
26
Calculate the greatest common factor of 33 and 352.
11
Calculate the highest common factor of 16 and 40.
8
What is the highest common factor of 87 and 493?
29
Calculate the highest common factor of 52700 and 40.
20
Calculate the greatest common factor of 663 and 510.
51
What is the highest common factor of 26 and 2106?
26
What is the highest common factor of 1130 and 190?
10
What is the highest common divisor of 30 and 465?
15
What is the greatest common divisor of 184 and 1794?
46
Calculate the greatest common divisor of 112 and 6608.
112
What is the greatest common factor of 1280 and 6?
2
What is the highest common factor of 66 and 3234?
66
Calculate the highest common divisor of 90 and 210.
30
What is the greatest common factor of 12 and 786?
6
Calculate the greatest common factor of 63 and 3213.
63
Calculate the greatest common divisor of 2628 and 432.
36
Calculate the greatest common factor of 323 and 68.
17
Calculate the greatest common divisor of 288 and 416.
32
What is the greatest common factor of 54 and 54?
54
Calculate the highest common divisor of 4 and 148.
4
What is the highest common divisor of 1 and 181?
1
Calculate the highest common factor of 3 and 123.
3
What is the greatest common divisor of 28 and 1722?
14
Calculate the highest common divisor of 15794 and 212.
106
Calculate the highest common factor of 642 and 54.
6
What is the highest common factor of 46 and 1058?
46
What is the greatest common divisor of 38 and 475?
19
Calculate the